 + -785c?
-7903
In base 11, what is -137956 - 3?
-137959
In base 8, what is 14551 - -3?
14554
In base 4, what is 11 - -2002132310?
2002132321
In base 11, what is -187 + -7a6?
-982
In base 16, what is -83 + 1d2?
14f
In base 4, what is 310030003 - 11?
310023332
In base 3, what is -220001 - 120221?
-1110222
In base 2, what is 100010 - 101111?
-1101
In base 2, what is 1000001100000010 + 1?
1000001100000011
In base 8, what is -273 + 42546?
42253
In base 6, what is -4 - 1?
-5
In base 11, what is 128 + 17517?
17644
In base 8, what is -12633 + 15?
-12616
In base 15, what is 4 + -37618?
-37614
In base 16, what is -473 + -122?
-595
In base 5, what is 2 - 200212?
-200210
In base 4, what is 2 + -21000031?
-21000023
In base 11, what is -6 + 20428?
20422
In base 15, what is -25526 + 2?
-25524
In base 8, what is -4245 + 30?
-4215
In base 13, what is 31cc3 - -3?
31cc6
In base 12, what is 5 - -83a?
843
In base 6, what is -115315512 + 2?
-115315510
In base 3, what is -122 - 2212220?
-2220112
In base 9, what is 143 + 4500?
4643
In base 10, what is -211351 - 0?
-211351
In base 13, what is 0 - -7bc0?
7bc0
In base 8, what is 31 - 2576?
-2545
In base 11, what is -87685 + 0?
-87685
In base 11, what is 57 - 2911?
-2865
In base 8, what is 454226 + -6?
454220
In base 10, what is 102 + 3587?
3689
In base 14, what is -51ac11 - 0?
-51ac11
In base 9, what is 1454 + 120?
1574
In base 16, what is 5407 - 77?
5390
In base 13, what is 3590 + 1?
3591
In base 16, what is -2 - -4a9?
4a7
In base 7, what is -2024215 + -2?
-2024220
In base 6, what is 0 + -332453?
-332453
In base 14, what is -9a - -123?
67
In base 2, what is 101111000001011 - 111010?
101110111010001
In base 16, what is c - -1685?
1691
In base 11, what is -31 + 51406?
51385
In base 14, what is -4639 + 6?
-4633
In base 11, what is 4 + -75263?
-7525a
In base 4, what is 3102 - 1012?
2030
In base 4, what is 213113 + 1120?
220233
In base 5, what is -3 - -2121422?
2121414
In base 5, what is -204 + 1013110?
1012401
In base 9, what is 53 + -1774?
-1721
In base 6, what is 4 - 135054?
-135050
In base 10, what is 4 - 180739?
-180735
In base 4, what is -3222212 - -1?
-3222211
In base 3, what is -10 + -112210112?
-112210122
In base 10, what is -871200 + 2?
-871198
In base 4, what is 2000 + 12311?
20311
In base 16, what is e + -129?
-11b
In base 7, what is 502 - -202?
1004
In base 3, what is -1012110 + -12101?
-1101211
In base 15, what is 10d4 + 0?
10d4
In base 11, what is 1 + -39759?
-39758
In base 5, what is 0 + 114342?
114342
In base 5, what is -142 - 2?
-144
In base 13, what is -252a29 + 0?
-252a29
In base 10, what is 963809 - -4?
963813
In base 15, what is 60215 + -b?
60209
In base 8, what is -536 + -3160?
-3716
In base 16, what is 5 + 1c07f?
1c084
In base 16, what is -d5d + -47?
-da4
In base 11, what is -6 + -132742?
-132748
In base 16, what is 4 + 7419?
741d
In base 14, what is -d - dc2?
-dd1
In base 13, what is -54 - -68?
14
In base 3, what is 202 + 210200021?
210201000
In base 12, what is 11 + 995?
9a6
In base 15, what is 9892 - 5?
988c
In base 13, what is 1b97 + -6?
1b91
In base 10, what is 2 + 2009?
2011
In base 9, what is -8551018 + 5?
-8551013
In base 5, what is -42 - 33031?
-33123
In base 16, what is -d22f7 + 0?
-d22f7
In base 13, what is -18 + a905?
a8ba
In base 10, what is 311202 - 5?
311197
In base 6, what is -3202025 + 2?
-3202023
In base 16, what is -1 + -2e2?
-2e3
In base 5, what is 21043424 - 0?
21043424
In base 2, what is -110010101 - 10100000?
-1000110101
In base 3, what is -1012 - -221122110?
221121021
In base 10, what is 566 - 143?
423
In base 13, what is 92104 - 2?
92102
In base 8, what is 22176 - 1?
22175
In base 13, what is 80ab - 7?
80a4
In base 6, what is 14400 - -55?
14455
In base 10, what is 29 - 21057?
-21028
In base 4, what is -1131230 - -100?
-1131130
In base 7, what is -11434213 - -5?
-11434205
In base 11, what is -158726 - -1?
-158725
In base 8, what is -100 + -5312?
-5412
In base 7, what is 2531 + 0?
2531
In base 12, what is -5b849 - 0?
-5b849
In base 4, what is 2012012 - 11?
2012001
In base 6, what is -2325 - -30400?
24031
In base 12, what is -43a2 + -8?
-43aa
In base 2, what is -11011001010 + 110?
-11011000100
In base 9, what is 542 - -1175?
1727
In base 8, what is 2 + 24436?
24440
In base 5, what is 2030122 + 101?
2030223
In base 8, what is 155367 - -5?
155374
In base 6, what is -20323124 - -3?
-20323121
In base 13, what is -22035 + -1?
-22036
In base 11, what is -3 + 19822?
1981a
In base 10, what is 2 + -877472?
-877470
In base 7, what is -2 + -40656?
-40661
In base 3, what is -101 + 101210212111?
101210212010
In base 15, what is ac9 - ac?
a1c
In base 15, what is -74 - -7?
-6c
In base 12, what is -b976a1 - 0?
-b976a1
In base 2, what is 1010100001 - 1100101001?
-10001000
In base 3, what is 102200 - 120201?
-11001
In base 10, what is -621 - 28?
-649
In base 15, what is 0 + 1419?
1419
In base 6, what is -120214 + -3?
-120221
In base 5, what is 120213100 + 3?
120213103
In base 14, what is 91 - b3b?
-a8a
In base 10, what is -3 - -163916?
163913
In base 5, what is 232112 + -3?
232104
In base 11, what is -a8460 + 5?
-a8456
In base 16, what is -26 + 38f?
369
In base 14, what is 28105 - -8?
2810d
In base 15, what is 5c4 + 3ce?
9a3
In base 6, what is 210 - -5053?
5303
In base 14, what is 629c - -8?
62a6
In base 13, what is -47 + -5295?
-530c
In base 10, what is 40810 - 0?
40810
In base 7, what is -332300 - -5?
-332262
In base 14, what is -7a + -125?
-1a1
In base 4, what is 10 + -1033003?
-1032333
In base 7, what is 30 - 131225?
-131165
In base 9, what is 54 - -648?
713
In base 3, what is 11 + 111102220?
111110001
In base 16, what is -50 + 36db?
368b
In base 5, what is -1422 - -230?
-1142
In base 3, what is 1 - -102012111?
102012112
In base 13, what is 2 - -493a0?
493a2
In base 3, what is -10101 - -211011011?
211000210
In base 15, what is -200 + -2bb?
-4bb
In base 8, what is 473 + 24?
517
In base 6, what is -14154 - 1410?
-20004
In base 3, what is -101210000 + -2?
-101210002
In base 7, what is 22056 - 3?
22053
In base 7, what is -11 - 356230?
-356241
In base 9, what is 8 - -2042?
2051
In base 11, what is -2504090 + 0?
-2504090
In base 13, what is 277 + -3?
274
In base 3, what is -21 + 110100200?
110100102
In base 4, what is 13103231 - 13?
13103212
In base 6, what is 502234 + 2?
502240
In base 2, what is -1010101110110 + -10?
-1010101111000
In base 11, what is 6 + -51960?
-51955
In base 2, what is 1010110011001111111 + 101?
1010110011010000100
In base 7, what is 542 + 1456?
2331
In base 3, what is 1211001 - -11?
1211012
In base 14, what is -11 - -1b03a?
1b029
In base 2, what is -101010110111001 - -1001?
-101010110110000
In base 9, what is 7 - -14800?
14807
In base 3, what is 122 - -10022000?
10022122
In base 12, what is -311 + ab5?
7a4
In base 6, what is 5 - -525540?
525545
In base 6, what is 2431324 + 2?
2431330
In base 3, what is 102110020102 - -1?
102110020110
In base 7, what is -153 - 51?
-234
In base 11, what is 1 - -94374?
94375
In base 5, what is -40 - 44311?
-44401
In base 10, what is 5 + -22192?
-22187
In base 6, what is -50 + 30115?
30025
In base 5, what is 201 - -1114133?
1114334
In base 12, what is -7961a + -1?
-7961b
In base 15, what is 24a9 + 12?
24bb
In base 10, what is 7 + 2329?
2336
In base 4, what is 1 - 1010321013?
-1010321012
In base 11, what is -27174 - -4a?
-27125
In base 7, what is 4201 - 6?
4162
In base 13, what is 1a9 + -637?
-45b
In base 7, what is 103316 + 10?
103326
In base 15, what is -470 - -a?
-465
In base 8, what is 6106 + -3?
6103
In base 6, what is 501 - 324?
133
In base 6, what is -2 + -40453042?
-40453044
In base 3, what is -1212122002222 + -1?
-1212122010000
In base 5, what is 141 - 43444?
-43303
In base 8, what is -4 + -131440?
-131444
In base 9, what is 24 + 1524?
1548
In base 8, what is -3702 - 140?
-4042
In base 16, what is 4 + 6fdf?
6fe3
In base 12, what is -8 - -70811?
70805
In base 13, what is 1a3a4 - 32?
1a372
In base 6, what is 5 - -350152?
350201
In base 3, what is 12020 + 102012120?
102101210
In base 7, what is 13666635 - -4?
13666642
In base 10, what is 19063 - -4?
19067
In base 5, what is 420444 + 211?
421210
In base 6, what is 100 + -450240?
-450140
In base 2, what is 100010110 + -10000000?
10010110
In base 12, what is 740 - 54?
6a8
In base 7, what 